re the prime factors of 89995870?
2, 5, 281, 32027
What are the prime factors of 728656955?
5, 13, 1759, 6373
List the prime factors of 94017837.
3, 17, 1843487
What are the prime factors of 5017386622?
2, 461, 5441851
List the prime factors of 174577501.
7, 24939643
List the prime factors of 92311247.
7, 38447
List the prime factors of 48323505.
3, 5, 3221567
List the prime factors of 60329366.
2, 61, 103, 4801
What are the prime factors of 48062086?
2, 41, 586123
What are the prime factors of 3691765304?
2, 137, 971, 3469
List the prime factors of 36393011.
36393011
What are the prime factors of 1539487074?
2, 3, 256581179
What are the prime factors of 114567786?
2, 3, 683, 9319
What are the prime factors of 1355668224?
2, 3, 43, 41051
List the prime factors of 2146863563.
13, 12071, 13681
What are the prime factors of 974212800?
2, 3, 5, 11, 18451
What are the prime factors of 4943641871?
7, 17, 41, 1013249
List the prime factors of 2013281628.
2, 3, 167773469
What are the prime factors of 49887455?
5, 1361, 7331
List the prime factors of 5040770832.
2, 3, 19, 614129
List the prime factors of 109376413.
271, 403603
What are the prime factors of 506394687?
3, 168798229
List the prime factors of 84909258.
2, 3, 7, 96269
What are the prime factors of 2066296369?
223, 9265903
What are the prime factors of 16733919?
3, 71, 251, 313
List the prime factors of 3333950011.
7, 2381, 200033
List the prime factors of 110657365.
5, 7, 13, 243203
List the prime factors of 15315036.
2, 3, 11, 157, 739
What are the prime factors of 71097?
3, 13, 1823
List the prime factors of 755083089.
3, 31, 2706391
What are the prime factors of 323866622?
2, 6841, 23671
List the prime factors of 784594391.
7, 29, 353, 10949
What are the prime factors of 2146817321?
11, 195165211
What are the prime factors of 277157133?
3, 11, 197, 1579
What are the prime factors of 1121977870?
2, 5, 13, 8630599
What are the prime factors of 1915305876?
2, 3, 11, 4836631
What are the prime factors of 6314731?
31, 6571
List the prime factors of 152351673.
3, 50783891
What are the prime factors of 665400483?
3, 11, 131, 51307
List the prime factors of 2509141737.
3, 23, 211, 172343
What are the prime factors of 17306982?
2, 3, 7, 11, 12487
What are the prime factors of 36075730?
2, 5, 23, 109, 1439
List the prime factors of 27862786.
2, 7, 73, 137, 199
What are the prime factors of 384036569?
7, 19, 43, 53, 181
What are the prime factors of 770848707?
3, 256949569
What are the prime factors of 187771931?
23, 8163997
What are the prime factors of 4252301295?
3, 5, 11, 23, 1120501
List the prime factors of 2785275054.
2, 3, 154737503
List the prime factors of 55318203.
3, 6146467
List the prime factors of 64519758.
2, 3, 1171, 3061
What are the prime factors of 322056466?
2, 17, 257, 36857
List the prime factors of 67028475.
3, 5, 67, 13339
What are the prime factors of 2547163?
1151, 2213
List the prime factors of 161248564.
2, 40312141
List the prime factors of 328918594.
2, 3407, 48271
List the prime factors of 11645826.
2, 3, 1940971
What are the prime factors of 27180840?
2, 3, 5, 83, 2729
What are the prime factors of 596622952?
2, 19, 3925151
List the prime factors of 75600756.
2, 3, 7, 11, 9091
What are the prime factors of 271111467?
3, 11, 503, 16333
What are the prime factors of 766518248?
2, 95814781
List the prime factors of 1722006475.
5, 7, 941, 10457
List the prime factors of 83325158.
2, 7, 5951797
What are the prime factors of 242948012?
2, 563, 107881
What are the prime factors of 3971458471?
101, 673, 58427
What are the prime factors of 139196856?
2, 3, 5799869
List the prime factors of 2882152080.
2, 3, 5, 23, 269, 647
List the prime factors of 102324108.
2, 3, 8527009
What are the prime factors of 1847444176?
2, 19, 6077119
List the prime factors of 11262604.
2, 199, 14149
List the prime factors of 17330644.
2, 1597, 2713
List the prime factors of 51917104.
2, 53, 61223
What are the prime factors of 599561893?
7, 12235957
What are the prime factors of 4085564564?
2, 271, 3768971
What are the prime factors of 40435498?
2, 20217749
What are the prime factors of 4477733688?
2, 3, 179, 643, 1621
What are the prime factors of 1233663298?
2, 7, 53, 33931
List the prime factors of 437565504.
2, 3, 73, 31219
List the prime factors of 100946924.
2, 13, 19, 83, 1231
What are the prime factors of 507408273?
3, 29, 53, 12227
What are the prime factors of 2544893990?
2, 5, 254489399
List the prime factors of 141049167.
3, 7, 6716627
What are the prime factors of 32276507?
29, 1112983
List the prime factors of 4146460762.
2, 24001, 86381
What are the prime factors of 72770975?
5, 137, 21247
List the prime factors of 3807281768.
2, 6389, 74489
List the prime factors of 47842423.
47842423
What are the prime factors of 96528467?
7, 157, 87833
What are the prime factors of 40482043?
7, 151, 38299
List the prime factors of 72763634.
2, 31, 127, 9241
List the prime factors of 192145619.
29, 1327, 4993
What are the prime factors of 2060670636?
2, 3, 57240851
List the prime factors of 430735096.
2, 11, 97, 50461
List the prime factors of 54040798.
2, 7, 71, 54367
List the prime factors of 477139680.
2, 3, 5, 17, 73, 89
What are the prime factors of 52446945?
3, 5, 37, 53, 1783
List the prime factors of 455559055.
5, 7, 73, 178301
List the prime factors of 64067504.
2, 4004219
What are the prime factors of 97320718?
2, 11, 31, 142699
List the prime factors of 32765443.
17, 19, 281
List the prime factors of 148000982.
2, 74000491
What are the prime factors of 147523260?
2, 3, 5, 1427, 1723
List the prime factors of 712818053.
712818053
What are the prime factors of 31479638?
2, 15739819
List the prime factors of 253450638.
2, 3, 7, 113, 2543
List the prime factors of 59387698.
2, 17, 1746697
List the prime factors of 168537131.
7, 379, 63527
List the prime factors of 98737580.
2, 5, 4936879
List the prime factors of 366126096.
2, 3, 7, 1089661
What are the prime factors of 349124586?
2, 3, 337, 172663
List the prime factors of 96651188.
2, 17, 97, 14653
What are the prime factors of 92645191?
349, 265459
What are the prime factors of 101450769?
3, 7, 23, 41, 47, 109
What are the prime factors of 412319544?
2, 3, 7, 13, 188791
What are the prime factors of 31370824?
2, 19, 179, 1153
What are the prime factors of 6032830414?
2, 13, 232031939
List the prime factors of 137060093.
137060093
List the prime factors of 4121980.
2, 5, 43, 4793
What are the prime factors of 897242896?
2, 11, 37, 211, 653
What are the prime factors of 20756315?
5, 29, 43, 3329
List the prime factors of 39902484.
2, 3, 239, 13913
What are the prime factors of 136401074?
2, 43, 109, 14551
List the prime factors of 274022800.
2, 5, 685057
List the prime factors of 2446455130.
2, 5, 7, 131, 431, 619
List the prime factors of 761691165.
3, 5, 47, 1080413
List the prime factors of 880773595.
5, 13, 19, 713177
What are the prime factors of 615842551?
47, 101, 129733
What are the prime factors of 614712833?
7, 19, 2081, 2221
What are the prime factors of 443653279?
23, 1181, 16333
List the prime factors of 950248720.
2, 5, 11878109
What are the prime factors of 729628580?
2, 5, 36481429
List the prime factors of 103068345.
3, 5, 61, 112643
List the prime factors of 100062912.
2, 3, 521161
What are the prime factors of 14129680?
2, 5, 239, 739
What are the prime factors of 1075521640?
2, 5, 26888041
What are the prime factors of 27805080?
2, 3, 5, 231709
List the prime factors of 1974745097.
13, 151903469
What are the prime factors of 157659396?
2, 3, 523, 25121
What are the prime factors of 1306677260?
2, 5, 7, 9333409
What are the prime factors of 2544724340?
2, 5, 19, 6696643
List the prime factors of 185949915.
3, 5, 131, 173, 547
List the prime factors of 5701658311.
2281, 2499631
List the prime factors of 21172197.
3, 107, 65957
List the prime factors of 1285882797.
3, 103, 4161433
What are the prime factors of 1245192785?
5, 8263, 30139
What are the prime factors of 632447444?
2, 661, 239201
What are the prime factors of 11802094?
2, 5901047
List the prime factors of 2410103453.
83, 29037391
List the prime factors of 180245743.
180245743
What are the prime factors of 323808044?
2, 7, 17, 79, 109
List the prime factors